{"id":85,"date":"2024-04-21T19:59:12","date_gmt":"2024-04-21T17:59:12","guid":{"rendered":"http:\/\/dl-bau.de\/?page_id=85"},"modified":"2025-04-09T09:42:45","modified_gmt":"2025-04-09T07:42:45","slug":"referenzen","status":"publish","type":"page","link":"https:\/\/dl-bau.de\/?page_id=85","title":{"rendered":"Referenz-Galerie"},"content":{"rendered":"\n<p class=\"has-text-align-center has-large-font-size\">Hier ein paar Eindr\u00fccke in unsere Arbeit<\/p>\n\n\n<div class=\"pgc-sgb-cb wp-block-pgcsimplygalleryblock-slider alignwide\" data-gallery-id=\"1be18526\" style=\"min-height:400px\"><div class=\"sgb-preloader\" id=\"pr_1be18526\">\n\t<div class=\"sgb-square\" style=\"background:#d4d4d4\"><\/div>\n\t<div class=\"sgb-square\" style=\"background:#d4d4d4\"><\/div>\n\t<div class=\"sgb-square\" style=\"background:#d4d4d4\"><\/div>\n\t<div class=\"sgb-square\" style=\"background:#d4d4d4\"><\/div><\/div><div class=\"simply-gallery-amp pgc_sgb_slider alignwide\" style=\"display: none;\"><div class=\"sgb-gallery\"><div class=\"sgb-item\"><a href=\"https:\/\/dl-bau.de\/referenzen\/30-2\/\" target=\"_blank\"><img decoding=\"async\" alt=\"\" width=\"300\" height=\"135\" loading=\"lazy\" src=\"https:\/\/dl-bau.de\/wp-content\/uploads\/2024\/04\/30-1-300x135.jpg\" srcset=\"https:\/\/dl-bau.de\/wp-content\/uploads\/2024\/04\/30-1-300x135.jpg 300w,https:\/\/dl-bau.de\/wp-content\/uploads\/2024\/04\/30-1-1024x461.jpg 1024w,https:\/\/dl-bau.de\/wp-content\/uploads\/2024\/04\/30-1.jpg 2016w\" sizes=\"auto, 250px\"\/><\/a><\/div><div class=\"sgb-item\"><a href=\"https:\/\/dl-bau.de\/referenzen\/31-2\/\" target=\"_blank\"><img decoding=\"async\" alt=\"\" width=\"135\" height=\"300\" loading=\"lazy\" src=\"https:\/\/dl-bau.de\/wp-content\/uploads\/2024\/04\/31-1-135x300.jpg\" srcset=\"https:\/\/dl-bau.de\/wp-content\/uploads\/2024\/04\/31-1-135x300.jpg 135w,https:\/\/dl-bau.de\/wp-content\/uploads\/2024\/04\/31-1-461x1024.jpg 461w,https:\/\/dl-bau.de\/wp-content\/uploads\/2024\/04\/31-1.jpg 908w\" sizes=\"auto, 250px\"\/><\/a><\/div><div class=\"sgb-item\"><a href=\"https:\/\/dl-bau.de\/referenzen\/32-2\/\" target=\"_blank\"><img decoding=\"async\" alt=\"\" width=\"300\" height=\"135\" loading=\"lazy\" src=\"https:\/\/dl-bau.de\/wp-content\/uploads\/2024\/04\/32-1-300x135.jpg\" srcset=\"https:\/\/dl-bau.de\/wp-content\/uploads\/2024\/04\/32-1-300x135.jpg 300w,https:\/\/dl-bau.de\/wp-content\/uploads\/2024\/04\/32-1-1024x461.jpg 1024w,https:\/\/dl-bau.de\/wp-content\/uploads\/2024\/04\/32-1.jpg 2016w\" sizes=\"auto, 250px\"\/><\/a><\/div><div class=\"sgb-item\"><a href=\"https:\/\/dl-bau.de\/referenzen\/33-2\/\" target=\"_blank\"><img decoding=\"async\" alt=\"\" width=\"225\" height=\"300\" loading=\"lazy\" src=\"https:\/\/dl-bau.de\/wp-content\/uploads\/2024\/04\/33-1-225x300.jpg\" srcset=\"https:\/\/dl-bau.de\/wp-content\/uploads\/2024\/04\/33-1-225x300.jpg 225w,https:\/\/dl-bau.de\/wp-content\/uploads\/2024\/04\/33-1-768x1024.jpg 768w,https:\/\/dl-bau.de\/wp-content\/uploads\/2024\/04\/33-1.jpg 1200w\" sizes=\"auto, 250px\"\/><\/a><\/div><div class=\"sgb-item\"><a href=\"https:\/\/dl-bau.de\/referenzen\/34-2\/\" target=\"_blank\"><img decoding=\"async\" alt=\"\" width=\"300\" height=\"135\" loading=\"lazy\" src=\"https:\/\/dl-bau.de\/wp-content\/uploads\/2024\/04\/34-1-300x135.jpg\" srcset=\"https:\/\/dl-bau.de\/wp-content\/uploads\/2024\/04\/34-1-300x135.jpg 300w,https:\/\/dl-bau.de\/wp-content\/uploads\/2024\/04\/34-1-1024x461.jpg 1024w,https:\/\/dl-bau.de\/wp-content\/uploads\/2024\/04\/34-1.jpg 1600w\" sizes=\"auto, 250px\"\/><\/a><\/div><div class=\"sgb-item\"><a href=\"https:\/\/dl-bau.de\/referenzen\/35-2\/\" target=\"_blank\"><img decoding=\"async\" alt=\"\" width=\"300\" height=\"135\" loading=\"lazy\" src=\"https:\/\/dl-bau.de\/wp-content\/uploads\/2024\/04\/35-1-300x135.jpg\" srcset=\"https:\/\/dl-bau.de\/wp-content\/uploads\/2024\/04\/35-1-300x135.jpg 300w,https:\/\/dl-bau.de\/wp-content\/uploads\/2024\/04\/35-1-1024x461.jpg 1024w,https:\/\/dl-bau.de\/wp-content\/uploads\/2024\/04\/35-1.jpg 1600w\" sizes=\"auto, 250px\"\/><\/a><\/div><div class=\"sgb-item\"><a href=\"https:\/\/dl-bau.de\/referenzen\/36-2\/\" target=\"_blank\"><img decoding=\"async\" alt=\"\" width=\"300\" height=\"135\" loading=\"lazy\" src=\"https:\/\/dl-bau.de\/wp-content\/uploads\/2024\/04\/36-1-300x135.jpg\" srcset=\"https:\/\/dl-bau.de\/wp-content\/uploads\/2024\/04\/36-1-300x135.jpg 300w,https:\/\/dl-bau.de\/wp-content\/uploads\/2024\/04\/36-1-1024x461.jpg 1024w,https:\/\/dl-bau.de\/wp-content\/uploads\/2024\/04\/36-1.jpg 1600w\" sizes=\"auto, 250px\"\/><\/a><\/div><div class=\"sgb-item\"><a href=\"https:\/\/dl-bau.de\/referenzen\/37-2\/\" target=\"_blank\"><img decoding=\"async\" alt=\"\" width=\"300\" height=\"135\" loading=\"lazy\" src=\"https:\/\/dl-bau.de\/wp-content\/uploads\/2024\/04\/37-1-300x135.jpg\" srcset=\"https:\/\/dl-bau.de\/wp-content\/uploads\/2024\/04\/37-1-300x135.jpg 300w,https:\/\/dl-bau.de\/wp-content\/uploads\/2024\/04\/37-1-1024x461.jpg 1024w,https:\/\/dl-bau.de\/wp-content\/uploads\/2024\/04\/37-1.jpg 1600w\" sizes=\"auto, 250px\"\/><\/a><\/div><div class=\"sgb-item\"><a href=\"https:\/\/dl-bau.de\/referenzen\/38-2\/\" target=\"_blank\"><img decoding=\"async\" alt=\"\" width=\"300\" height=\"135\" loading=\"lazy\" src=\"https:\/\/dl-bau.de\/wp-content\/uploads\/2024\/04\/38-1-300x135.jpg\" srcset=\"https:\/\/dl-bau.de\/wp-content\/uploads\/2024\/04\/38-1-300x135.jpg 300w,https:\/\/dl-bau.de\/wp-content\/uploads\/2024\/04\/38-1-1024x461.jpg 1024w,https:\/\/dl-bau.de\/wp-content\/uploads\/2024\/04\/38-1.jpg 2016w\" sizes=\"auto, 250px\"\/><\/a><\/div><div class=\"sgb-item\"><a href=\"https:\/\/dl-bau.de\/referenzen\/39-2\/\" target=\"_blank\"><img decoding=\"async\" alt=\"\" width=\"300\" height=\"225\" loading=\"lazy\" src=\"https:\/\/dl-bau.de\/wp-content\/uploads\/2024\/04\/39-1-300x225.jpg\" srcset=\"https:\/\/dl-bau.de\/wp-content\/uploads\/2024\/04\/39-1-300x225.jpg 300w,https:\/\/dl-bau.de\/wp-content\/uploads\/2024\/04\/39-1-1024x768.jpg 1024w,https:\/\/dl-bau.de\/wp-content\/uploads\/2024\/04\/39-1-scaled.jpg 2560w\" sizes=\"auto, 250px\"\/><\/a><\/div><div class=\"sgb-item\"><a href=\"https:\/\/dl-bau.de\/referenzen\/40-2\/\" target=\"_blank\"><img decoding=\"async\" alt=\"\" width=\"225\" height=\"300\" loading=\"lazy\" src=\"https:\/\/dl-bau.de\/wp-content\/uploads\/2024\/04\/40-1-225x300.jpg\" srcset=\"https:\/\/dl-bau.de\/wp-content\/uploads\/2024\/04\/40-1-225x300.jpg 225w,https:\/\/dl-bau.de\/wp-content\/uploads\/2024\/04\/40-1-768x1024.jpg 768w,https:\/\/dl-bau.de\/wp-content\/uploads\/2024\/04\/40-1-scaled.jpg 1920w\" sizes=\"auto, 250px\"\/><\/a><\/div><div class=\"sgb-item\"><a href=\"https:\/\/dl-bau.de\/referenzen\/41-2\/\" target=\"_blank\"><img decoding=\"async\" alt=\"\" width=\"300\" height=\"225\" loading=\"lazy\" src=\"https:\/\/dl-bau.de\/wp-content\/uploads\/2024\/04\/41-1-300x225.jpg\" srcset=\"https:\/\/dl-bau.de\/wp-content\/uploads\/2024\/04\/41-1-300x225.jpg 300w,https:\/\/dl-bau.de\/wp-content\/uploads\/2024\/04\/41-1-1024x768.jpg 1024w,https:\/\/dl-bau.de\/wp-content\/uploads\/2024\/04\/41-1-scaled.jpg 2560w\" sizes=\"auto, 250px\"\/><\/a><\/div><div class=\"sgb-item\"><a href=\"https:\/\/dl-bau.de\/referenzen\/42-3\/\" target=\"_blank\"><img decoding=\"async\" alt=\"\" width=\"300\" height=\"225\" loading=\"lazy\" src=\"https:\/\/dl-bau.de\/wp-content\/uploads\/2024\/04\/42-1-300x225.jpg\" srcset=\"https:\/\/dl-bau.de\/wp-content\/uploads\/2024\/04\/42-1-300x225.jpg 300w,https:\/\/dl-bau.de\/wp-content\/uploads\/2024\/04\/42-1-1024x768.jpg 1024w,https:\/\/dl-bau.de\/wp-content\/uploads\/2024\/04\/42-1-scaled.jpg 2560w\" sizes=\"auto, 250px\"\/><\/a><\/div><div class=\"sgb-item\"><a href=\"https:\/\/dl-bau.de\/referenzen\/43-2\/\" target=\"_blank\"><img decoding=\"async\" alt=\"\" width=\"300\" height=\"225\" loading=\"lazy\" src=\"https:\/\/dl-bau.de\/wp-content\/uploads\/2024\/04\/43-1-300x225.jpg\" srcset=\"https:\/\/dl-bau.de\/wp-content\/uploads\/2024\/04\/43-1-300x225.jpg 300w,https:\/\/dl-bau.de\/wp-content\/uploads\/2024\/04\/43-1-1024x768.jpg 1024w,https:\/\/dl-bau.de\/wp-content\/uploads\/2024\/04\/43-1-scaled.jpg 2560w\" sizes=\"auto, 250px\"\/><\/a><\/div><\/div><\/div><script type=\"application\/json\" class=\"sgb-data\">{\"externalLink\":false,\"collectionThumbSubMenuShare\":false,\"sliderAdminWidth\":1140,\"autoPlay\":true,\"galleryType\":\"pgc_sgb_slider\",\"align\":\"wide\",\"galleryId\":\"1be18526\",\"images\":[{\"id\":183,\"title\":\"30\",\"url\":\"https:\/\/dl-bau.de\/wp-content\/uploads\/2024\/04\/30-1.jpg\",\"link\":\"https:\/\/dl-bau.de\/referenzen\/30-2\/\",\"alt\":\"\",\"description\":\"\",\"caption\":\"\",\"mime\":\"image\/jpeg\",\"type\":\"image\",\"width\":2016,\"height\":908,\"sizes\":{\"thumbnail\":{\"height\":150,\"width\":150,\"url\":\"https:\/\/dl-bau.de\/wp-content\/uploads\/2024\/04\/30-1-150x150.jpg\",\"orientation\":\"landscape\"},\"medium\":{\"height\":135,\"width\":300,\"url\":\"https:\/\/dl-bau.de\/wp-content\/uploads\/2024\/04\/30-1-300x135.jpg\",\"orientation\":\"landscape\"},\"large\":{\"height\":461,\"width\":1024,\"url\":\"https:\/\/dl-bau.de\/wp-content\/uploads\/2024\/04\/30-1-1024x461.jpg\",\"orientation\":\"landscape\"},\"full\":{\"url\":\"https:\/\/dl-bau.de\/wp-content\/uploads\/2024\/04\/30-1.jpg\",\"height\":908,\"width\":2016,\"orientation\":\"landscape\"}},\"imageMeta\":{\"aperture\":\"0\",\"credit\":\"\",\"camera\":\"\",\"caption\":\"\",\"created_timestamp\":\"0\",\"copyright\":\"\",\"focal_length\":\"0\",\"iso\":\"0\",\"shutter_speed\":\"0\",\"title\":\"\",\"orientation\":\"0\",\"keywords\":[]},\"meta\":false,\"postlink\":\"https:\/\/dl-bau.de\/referenzen\/30-2\/\"},{\"id\":184,\"title\":\"31\",\"url\":\"https:\/\/dl-bau.de\/wp-content\/uploads\/2024\/04\/31-1.jpg\",\"link\":\"https:\/\/dl-bau.de\/referenzen\/31-2\/\",\"alt\":\"\",\"description\":\"\",\"caption\":\"\",\"mime\":\"image\/jpeg\",\"type\":\"image\",\"width\":908,\"height\":2016,\"sizes\":{\"thumbnail\":{\"height\":150,\"width\":150,\"url\":\"https:\/\/dl-bau.de\/wp-content\/uploads\/2024\/04\/31-1-150x150.jpg\",\"orientation\":\"landscape\"},\"medium\":{\"height\":300,\"width\":135,\"url\":\"https:\/\/dl-bau.de\/wp-content\/uploads\/2024\/04\/31-1-135x300.jpg\",\"orientation\":\"portrait\"},\"large\":{\"height\":1024,\"width\":461,\"url\":\"https:\/\/dl-bau.de\/wp-content\/uploads\/2024\/04\/31-1-461x1024.jpg\",\"orientation\":\"portrait\"},\"full\":{\"url\":\"https:\/\/dl-bau.de\/wp-content\/uploads\/2024\/04\/31-1.jpg\",\"height\":2016,\"width\":908,\"orientation\":\"portrait\"}},\"imageMeta\":{\"aperture\":\"0\",\"credit\":\"\",\"camera\":\"\",\"caption\":\"\",\"created_timestamp\":\"0\",\"copyright\":\"\",\"focal_length\":\"0\",\"iso\":\"0\",\"shutter_speed\":\"0\",\"title\":\"\",\"orientation\":\"0\",\"keywords\":[]},\"meta\":false,\"postlink\":\"https:\/\/dl-bau.de\/referenzen\/31-2\/\"},{\"id\":185,\"title\":\"32\",\"url\":\"https:\/\/dl-bau.de\/wp-content\/uploads\/2024\/04\/32-1.jpg\",\"link\":\"https:\/\/dl-bau.de\/referenzen\/32-2\/\",\"alt\":\"\",\"description\":\"\",\"caption\":\"\",\"mime\":\"image\/jpeg\",\"type\":\"image\",\"width\":2016,\"height\":908,\"sizes\":{\"thumbnail\":{\"height\":150,\"width\":150,\"url\":\"https:\/\/dl-bau.de\/wp-content\/uploads\/2024\/04\/32-1-150x150.jpg\",\"orientation\":\"landscape\"},\"medium\":{\"height\":135,\"width\":300,\"url\":\"https:\/\/dl-bau.de\/wp-content\/uploads\/2024\/04\/32-1-300x135.jpg\",\"orientation\":\"landscape\"},\"large\":{\"height\":461,\"width\":1024,\"url\":\"https:\/\/dl-bau.de\/wp-content\/uploads\/2024\/04\/32-1-1024x461.jpg\",\"orientation\":\"landscape\"},\"full\":{\"url\":\"https:\/\/dl-bau.de\/wp-content\/uploads\/2024\/04\/32-1.jpg\",\"height\":908,\"width\":2016,\"orientation\":\"landscape\"}},\"imageMeta\":{\"aperture\":\"0\",\"credit\":\"\",\"camera\":\"\",\"caption\":\"\",\"created_timestamp\":\"0\",\"copyright\":\"\",\"focal_length\":\"0\",\"iso\":\"0\",\"shutter_speed\":\"0\",\"title\":\"\",\"orientation\":\"0\",\"keywords\":[]},\"meta\":false,\"postlink\":\"https:\/\/dl-bau.de\/referenzen\/32-2\/\"},{\"id\":186,\"title\":\"33\",\"url\":\"https:\/\/dl-bau.de\/wp-content\/uploads\/2024\/04\/33-1.jpg\",\"link\":\"https:\/\/dl-bau.de\/referenzen\/33-2\/\",\"alt\":\"\",\"description\":\"\",\"caption\":\"\",\"mime\":\"image\/jpeg\",\"type\":\"image\",\"width\":1200,\"height\":1600,\"sizes\":{\"thumbnail\":{\"height\":150,\"width\":150,\"url\":\"https:\/\/dl-bau.de\/wp-content\/uploads\/2024\/04\/33-1-150x150.jpg\",\"orientation\":\"landscape\"},\"medium\":{\"height\":300,\"width\":225,\"url\":\"https:\/\/dl-bau.de\/wp-content\/uploads\/2024\/04\/33-1-225x300.jpg\",\"orientation\":\"portrait\"},\"large\":{\"height\":1024,\"width\":768,\"url\":\"https:\/\/dl-bau.de\/wp-content\/uploads\/2024\/04\/33-1-768x1024.jpg\",\"orientation\":\"portrait\"},\"full\":{\"url\":\"https:\/\/dl-bau.de\/wp-content\/uploads\/2024\/04\/33-1.jpg\",\"height\":1600,\"width\":1200,\"orientation\":\"portrait\"}},\"imageMeta\":{\"aperture\":\"0\",\"credit\":\"\",\"camera\":\"\",\"caption\":\"\",\"created_timestamp\":\"0\",\"copyright\":\"\",\"focal_length\":\"0\",\"iso\":\"0\",\"shutter_speed\":\"0\",\"title\":\"\",\"orientation\":\"0\",\"keywords\":[]},\"meta\":false,\"postlink\":\"https:\/\/dl-bau.de\/referenzen\/33-2\/\"},{\"id\":187,\"title\":\"34\",\"url\":\"https:\/\/dl-bau.de\/wp-content\/uploads\/2024\/04\/34-1.jpg\",\"link\":\"https:\/\/dl-bau.de\/referenzen\/34-2\/\",\"alt\":\"\",\"description\":\"\",\"caption\":\"\",\"mime\":\"image\/jpeg\",\"type\":\"image\",\"width\":1600,\"height\":720,\"sizes\":{\"thumbnail\":{\"height\":150,\"width\":150,\"url\":\"https:\/\/dl-bau.de\/wp-content\/uploads\/2024\/04\/34-1-150x150.jpg\",\"orientation\":\"landscape\"},\"medium\":{\"height\":135,\"width\":300,\"url\":\"https:\/\/dl-bau.de\/wp-content\/uploads\/2024\/04\/34-1-300x135.jpg\",\"orientation\":\"landscape\"},\"large\":{\"height\":461,\"width\":1024,\"url\":\"https:\/\/dl-bau.de\/wp-content\/uploads\/2024\/04\/34-1-1024x461.jpg\",\"orientation\":\"landscape\"},\"full\":{\"url\":\"https:\/\/dl-bau.de\/wp-content\/uploads\/2024\/04\/34-1.jpg\",\"height\":720,\"width\":1600,\"orientation\":\"landscape\"}},\"imageMeta\":{\"aperture\":\"0\",\"credit\":\"\",\"camera\":\"\",\"caption\":\"\",\"created_timestamp\":\"0\",\"copyright\":\"\",\"focal_length\":\"0\",\"iso\":\"0\",\"shutter_speed\":\"0\",\"title\":\"\",\"orientation\":\"0\",\"keywords\":[]},\"meta\":false,\"postlink\":\"https:\/\/dl-bau.de\/referenzen\/34-2\/\"},{\"id\":188,\"title\":\"35\",\"url\":\"https:\/\/dl-bau.de\/wp-content\/uploads\/2024\/04\/35-1.jpg\",\"link\":\"https:\/\/dl-bau.de\/referenzen\/35-2\/\",\"alt\":\"\",\"description\":\"\",\"caption\":\"\",\"mime\":\"image\/jpeg\",\"type\":\"image\",\"width\":1600,\"height\":720,\"sizes\":{\"thumbnail\":{\"height\":150,\"width\":150,\"url\":\"https:\/\/dl-bau.de\/wp-content\/uploads\/2024\/04\/35-1-150x150.jpg\",\"orientation\":\"landscape\"},\"medium\":{\"height\":135,\"width\":300,\"url\":\"https:\/\/dl-bau.de\/wp-content\/uploads\/2024\/04\/35-1-300x135.jpg\",\"orientation\":\"landscape\"},\"large\":{\"height\":461,\"width\":1024,\"url\":\"https:\/\/dl-bau.de\/wp-content\/uploads\/2024\/04\/35-1-1024x461.jpg\",\"orientation\":\"landscape\"},\"full\":{\"url\":\"https:\/\/dl-bau.de\/wp-content\/uploads\/2024\/04\/35-1.jpg\",\"height\":720,\"width\":1600,\"orientation\":\"landscape\"}},\"imageMeta\":{\"aperture\":\"0\",\"credit\":\"\",\"camera\":\"\",\"caption\":\"\",\"created_timestamp\":\"0\",\"copyright\":\"\",\"focal_length\":\"0\",\"iso\":\"0\",\"shutter_speed\":\"0\",\"title\":\"\",\"orientation\":\"0\",\"keywords\":[]},\"meta\":false,\"postlink\":\"https:\/\/dl-bau.de\/referenzen\/35-2\/\"},{\"id\":189,\"title\":\"36\",\"url\":\"https:\/\/dl-bau.de\/wp-content\/uploads\/2024\/04\/36-1.jpg\",\"link\":\"https:\/\/dl-bau.de\/referenzen\/36-2\/\",\"alt\":\"\",\"description\":\"\",\"caption\":\"\",\"mime\":\"image\/jpeg\",\"type\":\"image\",\"width\":1600,\"height\":720,\"sizes\":{\"thumbnail\":{\"height\":150,\"width\":150,\"url\":\"https:\/\/dl-bau.de\/wp-content\/uploads\/2024\/04\/36-1-150x150.jpg\",\"orientation\":\"landscape\"},\"medium\":{\"height\":135,\"width\":300,\"url\":\"https:\/\/dl-bau.de\/wp-content\/uploads\/2024\/04\/36-1-300x135.jpg\",\"orientation\":\"landscape\"},\"large\":{\"height\":461,\"width\":1024,\"url\":\"https:\/\/dl-bau.de\/wp-content\/uploads\/2024\/04\/36-1-1024x461.jpg\",\"orientation\":\"landscape\"},\"full\":{\"url\":\"https:\/\/dl-bau.de\/wp-content\/uploads\/2024\/04\/36-1.jpg\",\"height\":720,\"width\":1600,\"orientation\":\"landscape\"}},\"imageMeta\":{\"aperture\":\"0\",\"credit\":\"\",\"camera\":\"\",\"caption\":\"\",\"created_timestamp\":\"0\",\"copyright\":\"\",\"focal_length\":\"0\",\"iso\":\"0\",\"shutter_speed\":\"0\",\"title\":\"\",\"orientation\":\"0\",\"keywords\":[]},\"meta\":false,\"postlink\":\"https:\/\/dl-bau.de\/referenzen\/36-2\/\"},{\"id\":190,\"title\":\"37\",\"url\":\"https:\/\/dl-bau.de\/wp-content\/uploads\/2024\/04\/37-1.jpg\",\"link\":\"https:\/\/dl-bau.de\/referenzen\/37-2\/\",\"alt\":\"\",\"description\":\"\",\"caption\":\"\",\"mime\":\"image\/jpeg\",\"type\":\"image\",\"width\":1600,\"height\":720,\"sizes\":{\"thumbnail\":{\"height\":150,\"width\":150,\"url\":\"https:\/\/dl-bau.de\/wp-content\/uploads\/2024\/04\/37-1-150x150.jpg\",\"orientation\":\"landscape\"},\"medium\":{\"height\":135,\"width\":300,\"url\":\"https:\/\/dl-bau.de\/wp-content\/uploads\/2024\/04\/37-1-300x135.jpg\",\"orientation\":\"landscape\"},\"large\":{\"height\":461,\"width\":1024,\"url\":\"https:\/\/dl-bau.de\/wp-content\/uploads\/2024\/04\/37-1-1024x461.jpg\",\"orientation\":\"landscape\"},\"full\":{\"url\":\"https:\/\/dl-bau.de\/wp-content\/uploads\/2024\/04\/37-1.jpg\",\"height\":720,\"width\":1600,\"orientation\":\"landscape\"}},\"imageMeta\":{\"aperture\":\"0\",\"credit\":\"\",\"camera\":\"\",\"caption\":\"\",\"created_timestamp\":\"0\",\"copyright\":\"\",\"focal_length\":\"0\",\"iso\":\"0\",\"shutter_speed\":\"0\",\"title\":\"\",\"orientation\":\"0\",\"keywords\":[]},\"meta\":false,\"postlink\":\"https:\/\/dl-bau.de\/referenzen\/37-2\/\"},{\"id\":191,\"title\":\"38\",\"url\":\"https:\/\/dl-bau.de\/wp-content\/uploads\/2024\/04\/38-1.jpg\",\"link\":\"https:\/\/dl-bau.de\/referenzen\/38-2\/\",\"alt\":\"\",\"description\":\"\",\"caption\":\"\",\"mime\":\"image\/jpeg\",\"type\":\"image\",\"width\":2016,\"height\":908,\"sizes\":{\"thumbnail\":{\"height\":150,\"width\":150,\"url\":\"https:\/\/dl-bau.de\/wp-content\/uploads\/2024\/04\/38-1-150x150.jpg\",\"orientation\":\"landscape\"},\"medium\":{\"height\":135,\"width\":300,\"url\":\"https:\/\/dl-bau.de\/wp-content\/uploads\/2024\/04\/38-1-300x135.jpg\",\"orientation\":\"landscape\"},\"large\":{\"height\":461,\"width\":1024,\"url\":\"https:\/\/dl-bau.de\/wp-content\/uploads\/2024\/04\/38-1-1024x461.jpg\",\"orientation\":\"landscape\"},\"full\":{\"url\":\"https:\/\/dl-bau.de\/wp-content\/uploads\/2024\/04\/38-1.jpg\",\"height\":908,\"width\":2016,\"orientation\":\"landscape\"}},\"imageMeta\":{\"aperture\":\"0\",\"credit\":\"\",\"camera\":\"\",\"caption\":\"\",\"created_timestamp\":\"0\",\"copyright\":\"\",\"focal_length\":\"0\",\"iso\":\"0\",\"shutter_speed\":\"0\",\"title\":\"\",\"orientation\":\"0\",\"keywords\":[]},\"meta\":false,\"postlink\":\"https:\/\/dl-bau.de\/referenzen\/38-2\/\"},{\"id\":192,\"title\":\"39\",\"url\":\"https:\/\/dl-bau.de\/wp-content\/uploads\/2024\/04\/39-1-scaled.jpg\",\"link\":\"https:\/\/dl-bau.de\/referenzen\/39-2\/\",\"alt\":\"\",\"description\":\"\",\"caption\":\"\",\"mime\":\"image\/jpeg\",\"type\":\"image\",\"width\":2560,\"height\":1920,\"sizes\":{\"thumbnail\":{\"height\":150,\"width\":150,\"url\":\"https:\/\/dl-bau.de\/wp-content\/uploads\/2024\/04\/39-1-150x150.jpg\",\"orientation\":\"landscape\"},\"medium\":{\"height\":225,\"width\":300,\"url\":\"https:\/\/dl-bau.de\/wp-content\/uploads\/2024\/04\/39-1-300x225.jpg\",\"orientation\":\"landscape\"},\"large\":{\"height\":768,\"width\":1024,\"url\":\"https:\/\/dl-bau.de\/wp-content\/uploads\/2024\/04\/39-1-1024x768.jpg\",\"orientation\":\"landscape\"},\"full\":{\"url\":\"https:\/\/dl-bau.de\/wp-content\/uploads\/2024\/04\/39-1-scaled.jpg\",\"height\":1920,\"width\":2560,\"orientation\":\"landscape\"}},\"imageMeta\":{\"aperture\":\"1.8\",\"credit\":\"\",\"camera\":\"EML-L29\",\"caption\":\"\",\"created_timestamp\":\"1615643557\",\"copyright\":\"\",\"focal_length\":\"3.95\",\"iso\":\"100\",\"shutter_speed\":\"0.02\",\"title\":\"\",\"orientation\":\"0\",\"keywords\":[]},\"meta\":false,\"postlink\":\"https:\/\/dl-bau.de\/referenzen\/39-2\/\"},{\"id\":193,\"title\":\"40\",\"url\":\"https:\/\/dl-bau.de\/wp-content\/uploads\/2024\/04\/40-1-scaled.jpg\",\"link\":\"https:\/\/dl-bau.de\/referenzen\/40-2\/\",\"alt\":\"\",\"description\":\"\",\"caption\":\"\",\"mime\":\"image\/jpeg\",\"type\":\"image\",\"width\":1920,\"height\":2560,\"sizes\":{\"thumbnail\":{\"height\":150,\"width\":150,\"url\":\"https:\/\/dl-bau.de\/wp-content\/uploads\/2024\/04\/40-1-150x150.jpg\",\"orientation\":\"landscape\"},\"medium\":{\"height\":300,\"width\":225,\"url\":\"https:\/\/dl-bau.de\/wp-content\/uploads\/2024\/04\/40-1-225x300.jpg\",\"orientation\":\"portrait\"},\"large\":{\"height\":1024,\"width\":768,\"url\":\"https:\/\/dl-bau.de\/wp-content\/uploads\/2024\/04\/40-1-768x1024.jpg\",\"orientation\":\"portrait\"},\"full\":{\"url\":\"https:\/\/dl-bau.de\/wp-content\/uploads\/2024\/04\/40-1-scaled.jpg\",\"height\":2560,\"width\":1920,\"orientation\":\"portrait\"}},\"imageMeta\":{\"aperture\":\"1.8\",\"credit\":\"\",\"camera\":\"EML-L29\",\"caption\":\"\",\"created_timestamp\":\"1615660315\",\"copyright\":\"\",\"focal_length\":\"3.95\",\"iso\":\"100\",\"shutter_speed\":\"0.01\",\"title\":\"\",\"orientation\":\"0\",\"keywords\":[]},\"meta\":false,\"postlink\":\"https:\/\/dl-bau.de\/referenzen\/40-2\/\"},{\"id\":194,\"title\":\"41\",\"url\":\"https:\/\/dl-bau.de\/wp-content\/uploads\/2024\/04\/41-1-scaled.jpg\",\"link\":\"https:\/\/dl-bau.de\/referenzen\/41-2\/\",\"alt\":\"\",\"description\":\"\",\"caption\":\"\",\"mime\":\"image\/jpeg\",\"type\":\"image\",\"width\":2560,\"height\":1920,\"sizes\":{\"thumbnail\":{\"height\":150,\"width\":150,\"url\":\"https:\/\/dl-bau.de\/wp-content\/uploads\/2024\/04\/41-1-150x150.jpg\",\"orientation\":\"landscape\"},\"medium\":{\"height\":225,\"width\":300,\"url\":\"https:\/\/dl-bau.de\/wp-content\/uploads\/2024\/04\/41-1-300x225.jpg\",\"orientation\":\"landscape\"},\"large\":{\"height\":768,\"width\":1024,\"url\":\"https:\/\/dl-bau.de\/wp-content\/uploads\/2024\/04\/41-1-1024x768.jpg\",\"orientation\":\"landscape\"},\"full\":{\"url\":\"https:\/\/dl-bau.de\/wp-content\/uploads\/2024\/04\/41-1-scaled.jpg\",\"height\":1920,\"width\":2560,\"orientation\":\"landscape\"}},\"imageMeta\":{\"aperture\":\"1.8\",\"credit\":\"\",\"camera\":\"EML-L29\",\"caption\":\"\",\"created_timestamp\":\"1630518711\",\"copyright\":\"\",\"focal_length\":\"3.95\",\"iso\":\"50\",\"shutter_speed\":\"0.003603\",\"title\":\"\",\"orientation\":\"0\",\"keywords\":[]},\"meta\":false,\"postlink\":\"https:\/\/dl-bau.de\/referenzen\/41-2\/\"},{\"id\":195,\"title\":\"42\",\"url\":\"https:\/\/dl-bau.de\/wp-content\/uploads\/2024\/04\/42-1-scaled.jpg\",\"link\":\"https:\/\/dl-bau.de\/referenzen\/42-3\/\",\"alt\":\"\",\"description\":\"\",\"caption\":\"\",\"mime\":\"image\/jpeg\",\"type\":\"image\",\"width\":2560,\"height\":1920,\"sizes\":{\"thumbnail\":{\"height\":150,\"width\":150,\"url\":\"https:\/\/dl-bau.de\/wp-content\/uploads\/2024\/04\/42-1-150x150.jpg\",\"orientation\":\"landscape\"},\"medium\":{\"height\":225,\"width\":300,\"url\":\"https:\/\/dl-bau.de\/wp-content\/uploads\/2024\/04\/42-1-300x225.jpg\",\"orientation\":\"landscape\"},\"large\":{\"height\":768,\"width\":1024,\"url\":\"https:\/\/dl-bau.de\/wp-content\/uploads\/2024\/04\/42-1-1024x768.jpg\",\"orientation\":\"landscape\"},\"full\":{\"url\":\"https:\/\/dl-bau.de\/wp-content\/uploads\/2024\/04\/42-1-scaled.jpg\",\"height\":1920,\"width\":2560,\"orientation\":\"landscape\"}},\"imageMeta\":{\"aperture\":\"1.8\",\"credit\":\"\",\"camera\":\"EML-L29\",\"caption\":\"\",\"created_timestamp\":\"1630518718\",\"copyright\":\"\",\"focal_length\":\"3.95\",\"iso\":\"50\",\"shutter_speed\":\"0.02\",\"title\":\"\",\"orientation\":\"0\",\"keywords\":[]},\"meta\":false,\"postlink\":\"https:\/\/dl-bau.de\/referenzen\/42-3\/\"},{\"id\":196,\"title\":\"43\",\"url\":\"https:\/\/dl-bau.de\/wp-content\/uploads\/2024\/04\/43-1-scaled.jpg\",\"link\":\"https:\/\/dl-bau.de\/referenzen\/43-2\/\",\"alt\":\"\",\"description\":\"\",\"caption\":\"\",\"mime\":\"image\/jpeg\",\"type\":\"image\",\"width\":2560,\"height\":1920,\"sizes\":{\"thumbnail\":{\"height\":150,\"width\":150,\"url\":\"https:\/\/dl-bau.de\/wp-content\/uploads\/2024\/04\/43-1-150x150.jpg\",\"orientation\":\"landscape\"},\"medium\":{\"height\":225,\"width\":300,\"url\":\"https:\/\/dl-bau.de\/wp-content\/uploads\/2024\/04\/43-1-300x225.jpg\",\"orientation\":\"landscape\"},\"large\":{\"height\":768,\"width\":1024,\"url\":\"https:\/\/dl-bau.de\/wp-content\/uploads\/2024\/04\/43-1-1024x768.jpg\",\"orientation\":\"landscape\"},\"full\":{\"url\":\"https:\/\/dl-bau.de\/wp-content\/uploads\/2024\/04\/43-1-scaled.jpg\",\"height\":1920,\"width\":2560,\"orientation\":\"landscape\"}},\"imageMeta\":{\"aperture\":\"1.8\",\"credit\":\"\",\"camera\":\"EML-L29\",\"caption\":\"\",\"created_timestamp\":\"1630518722\",\"copyright\":\"\",\"focal_length\":\"3.95\",\"iso\":\"64\",\"shutter_speed\":\"0.02\",\"title\":\"\",\"orientation\":\"0\",\"keywords\":[]},\"meta\":false,\"postlink\":\"https:\/\/dl-bau.de\/referenzen\/43-2\/\"}],\"sliderItemCounterEnable\":false,\"sliderSocialShareEnabled\":false,\"itemsMetaDataCollection\":[]}<\/script><script>(function(){if(window.PGC_SGB && window.PGC_SGB.searcher){window.PGC_SGB.searcher.initBlocks()}})()<\/script><\/div>\n\n\n<p><\/p>\n\n\n\n<p><strong>DL-Bau ist in verschiedenen Marktsegmenten t\u00e4tig. Wir sorgen daf\u00fcr, dass sie sich in ihren 4 W\u00e4nden wohlf\u00fchlen. Egal, ob es sich um ein Einfamilienhaus oder ein gro\u00dfes Industriegeb\u00e4ude handelt &#8211; wir geben immer 100 %.<\/strong><\/p>\n","protected":false},"excerpt":{"rendered":"<p>Hier ein paar Eindr\u00fccke in unsere Arbeit DL-Bau ist in verschiedenen Marktsegmenten t\u00e4tig. Wir sorgen daf\u00fcr, dass sie sich in<\/p>\n","protected":false},"author":1,"featured_media":0,"parent":0,"menu_order":0,"comment_status":"closed","ping_status":"closed","template":"","meta":{"pgc_sgb_lightbox_settings":"","footnotes":""},"class_list":["post-85","page","type-page","status-publish","hentry"],"_links":{"self":[{"href":"https:\/\/dl-bau.de\/index.php?rest_route=\/wp\/v2\/pages\/85","targetHints":{"allow":["GET"]}}],"collection":[{"href":"https:\/\/dl-bau.de\/index.php?rest_route=\/wp\/v2\/pages"}],"about":[{"href":"https:\/\/dl-bau.de\/index.php?rest_route=\/wp\/v2\/types\/page"}],"author":[{"embeddable":true,"href":"https:\/\/dl-bau.de\/index.php?rest_route=\/wp\/v2\/users\/1"}],"replies":[{"embeddable":true,"href":"https:\/\/dl-bau.de\/index.php?rest_route=%2Fwp%2Fv2%2Fcomments&post=85"}],"version-history":[{"count":10,"href":"https:\/\/dl-bau.de\/index.php?rest_route=\/wp\/v2\/pages\/85\/revisions"}],"predecessor-version":[{"id":375,"href":"https:\/\/dl-bau.de\/index.php?rest_route=\/wp\/v2\/pages\/85\/revisions\/375"}],"wp:attachment":[{"href":"https:\/\/dl-bau.de\/index.php?rest_route=%2Fwp%2Fv2%2Fmedia&parent=85"}],"curies":[{"name":"wp","href":"https:\/\/api.w.org\/{rel}","templated":true}]}}